s the units digit of j(-5)?
9
Let f be ((-8)/(-6))/(3/9). Suppose -f*b = -1 + 85. What is the units digit of ((-112)/b)/(2/3)?
8
Let g be 6/15 + (-17)/5. Let h = -2 - g. What is the units digit of h?
1
Let r = 18 + -12. Suppose h - r*h = -100. Let y = 40 - h. What is the units digit of y?
0
Let w = 147 + -16. What is the hundreds digit of w?
1
Let z = 257 + -65. What is the tens digit of z?
9
Suppose -4*v + 27 = v - 3*c, 5*c = 2*v - 7. Let p(n) be the third derivative of -n**4/24 + 4*n**3/3 - 4*n**2. What is the units digit of p(v)?
2
Let p = 14 + 35. What is the units digit of p?
9
Let s = -19 - -25. What is the units digit of ((-60)/s)/(0 + -1)?
0
What is the tens digit of 38*(-5 + 1 - -6)?
7
Suppose 8*n - 44 = 3*n + 4*x, -60 = -4*n - 3*x. What is the tens digit of n?
1
Let g be 43/9 + (-4)/(-18). Suppose 26 + 64 = g*u. What is the units digit of (1/(-3))/((-3)/u)?
2
Let u(i) = -i**2 - 4*i + 1. Let q be u(-4). Suppose 4*y = 5*p + 14, -p + 3*p + q = -3*y. What is the units digit of y?
1
Suppose -3*l + 21 = 2*b, 0*b + 22 = 2*l + 4*b. Suppose -l*g + g = -16. Suppose r + 19 = 5*x, -g*x = -0*r - r - 15. What is the units digit of x?
4
Suppose -3*o + 210 = 3*b, -4*o + 85 = -b + 2*b. What is the tens digit of b?
6
Let v be 44/6*6/4. Let p = 21 - v. What is the tens digit of p?
1
Let z(k) = -2*k - 1. Suppose 0 = 3*j - y - 13, 3*y = 5*j + 3 - 30. Suppose c - j*c = 6. What is the units digit of z(c)?
5
Suppose -20 = 4*z, -4*z - 14 = -c - 2*z. Suppose -k - 21 = -c*k. What is the units digit of k?
7
Suppose -3*s + t = 2*t - 82, 5*s - 4*t - 148 = 0. What is the tens digit of s?
2
Suppose 0 = -2*d + 5*d - 6. What is the units digit of (9/(-6)*d)/(-1)?
3
Suppose 0 = -2*q + q + 4. Suppose -4*a - 7 - 13 = q*f, -2*f + 4*a - 40 = 0. What is the units digit of (-49)/(-5) + (-2)/f?
0
What is the units digit of (-2 - -17)*(1 - (-98)/6)?
0
Let p be (117/(-6))/(3/(-4)). Let l = 62 - p. Suppose -4 - l = -5*f. What is the units digit of f?
8
Let i(a) = -16*a + 3. Suppose 0 = 2*q + 6, -3*q + 2*q = -2*v - 7. Let p be i(v). What is the units digit of p/9 - (-4)/(-18)?
9
Suppose -2*i - 3*i + 440 = 0. What is the units digit of i?
8
Let h = -5 + 14. What is the units digit of ((-36)/(-14))/(h/63)?
8
Suppose x + 3*g = 2*g - 20, 3*g + 102 = -5*x. Let v = x + 57. Let w = -23 + v. What is the units digit of w?
3
Suppose -5*y - 201 = -2*y. What is the units digit of y/(-2) + 1/2?
4
Let m(a) = a**3 + 6*a**2 - 7*a + 9. What is the tens digit of m(-6)?
5
Let n(g) = g**2 + g - 6. Let m be n(-5). Suppose -20 = 4*z - 0*z. Let d = z + m. What is the units digit of d?
9
Let n(l) = l - 1. Suppose 3*w - 2*b = 5, 5*w + 2*b + 1 = 4. Let y be n(w). What is the units digit of 0/(-2) - (-3 + y)?
3
Let n(h) = h**3 - 24*h**2 + 3*h - 3. What is the tens digit of n(24)?
6
Suppose -32*z = -23*z - 2052. What is the units digit of z?
8
Suppose 0 = b + 5 - 0, 0 = -5*s - 5*b - 75. What is the units digit of s/(-5) + 4/1?
6
Suppose 0*q = -3*q - 66. Let b = 37 + q. What is the tens digit of b?
1
Let s(w) be the third derivative of w**5/60 + w**4/8 - 2*w**2. Let t be s(-4). Suppose n + 0 = t. What is the units digit of n?
4
Suppose 0 = 4*r - 4 - 4. Suppose 4*x - 3*a - a = 136, 0 = r*x - a - 68. What is the tens digit of x?
3
Let h be (1 + 2)*(-14)/6. What is the units digit of 4/(-14) + (-86)/h?
2
Let o be (-3)/(4*3/108). What is the tens digit of 5 - 9/3 - o?
2
Let r(f) = f**2 + 6*f + 9. Let z = 3 - 9. What is the units digit of r(z)?
9
Suppose 3*y = -2*y + 5. Let o be y + 2 + (-6)/2. Suppose 4*g + u - 36 = o, -4*u - 9 = -g + u. What is the units digit of g?
9
Let s = -52 + 86. What is the units digit of s?
4
Let n(u) = -u**3 - 4*u**2 + 5*u + 2. Let b be n(-5). Suppose 0 = b*x - 3*z - 3, 0*x + 4*z + 5 = 3*x. What is the units digit of 1/(x*(-2)/(-6))?
1
What is the units digit of -2 - 1008/(-8 + 5)?
4
Suppose 2*w - 6 = -w. Let l(z) = z - 1. Let x be l(w). Let g = 8 - x. What is the units digit of g?
7
Let h(w) = -6*w - 39. What is the units digit of h(-22)?
3
Let j(v) be the first derivative of v**2 + 3*v - 6. What is the units digit of j(6)?
5
Suppose -3*m = 3*t - 21, 3*m - 2 - 7 = 0. What is the units digit of t?
4
Suppose 217 = 5*w - 498. What is the units digit of w?
3
Let j be (-1 + 2)*(4 - 2). Let d be 1 - (-16 - 2/j). Suppose -4*z - d = -9*z + 4*k, 3*z - 4 = -k. What is the units digit of z?
2
What is the hundreds digit of -2*(1 - (-635)/(-10))?
1
Let t(p) = -p**3 + 7*p**2 + 11*p + 1. Let l be t(8). Let a = -15 + l. What is the units digit of a?
0
Suppose 5*y = 5 + 750. What is the tens digit of y?
5
Suppose 0 = -t + 5*m + 38 - 10, 3*m - 4 = -2*t. Suppose -3*f - 65 = -t*f. What is the units digit of f?
3
Suppose -2*h + 1 = v - 2*v, 4*h - 5 = v. Suppose 0 = -v*a + 5*a + 8. What is the units digit of (a - (-1 + -1))*-10?
0
Let b(q) = 6 - q + 4 + 1 - 3. Let h be b(6). What is the units digit of (-4)/6*(-15)/h?
5
Let k = -4 - -7. Suppose g - k*r = r + 25, -25 = 5*r. What is the units digit of g?
5
Let u(g) = 1 + g**3 + g**2 + 5*g**2 + 7*g + 2*g**2. Let x be u(-7). What is the units digit of 1 - (-2*x)/2?
2
Let p be (-2 - -5)*6/(-2). Let z = 28 - p. What is the units digit of z?
7
Suppose -6*d + 1020 = -d. Suppose 4*v - d + 20 = 0. What is the units digit of v?
6
Let r be (-5 - (-3 - -2))*2. Let v be ((-3)/2)/((-2)/r). Let w(a) = -a**3 - 6*a**2 - 3*a - 9. What is the units digit of w(v)?
9
Let t = -5 - -5. Suppose t = 2*v - 7*v + 95. What is the tens digit of v?
1
Let m = -50 + 127. What is the tens digit of m?
7
Let g(v) = v**3 + 6*v**2 + v + 1. Let u be g(-6). Let s = -2 - u. What is the units digit of (-1)/(-1) - (s + -6)?
4
Let b be ((-6)/(-10))/(5/(-25)). What is the units digit of (3 - 24)/(-1) - b?
4
Suppose 5*a - 2*s = s + 40, -a = 2*s + 5. Suppose -3*b = -7 - a. What is the units digit of b?
4
Suppose 3*h + 2*v - 73 = 0, 4*v = -0*h - 2*h + 62. Let w(z) = -9*z - h + 7 - 2*z**2 + 2*z**2 + z**2. What is the units digit of w(11)?
8
Suppose -3*a + 309 = -3*m, -4*a + 204 + 223 = -m. What is the tens digit of a?
0
Let v(m) = -m**2 - 11*m + 13. What is the units digit of v(-9)?
1
Suppose 3*r + 5*x = 836, r - 2*x - 21 = 243. What is the hundreds digit of r?
2
Let o(x) = x**2 - 4*x + 5. Let w be o(4). Suppose -99 = -4*d - 2*t + 35, 4*d + w*t - 125 = 0. What is the tens digit of d?
3
Suppose 4*k = -4, 5*k = -2*m + 6*m + 7. Let c = m - -13. Let b = 18 - c. What is the units digit of b?
8
Let v = 114 + -71. What is the tens digit of v?
4
Let b(c) be the first derivative of -c**2 - 4*c - 1. What is the units digit of b(-7)?
0
Suppose 22*o = 23*o - 197. What is the tens digit of o?
9
Let l(h) = 43*h - 1. Let d be l(1). Let n = d + -11. What is the tens digit of n?
3
Let x be 5 + -3 - 1 - 1. What is the units digit of (-8 - -10) + x + -1?
1
Let p(z) = -z**3 - 2*z**2 + 1. Let x be p(-3). Suppose 2*m - x = -0*m. What is the units digit of m?
5
Let i be 1/1 + -3 + 4. Suppose -i*b = 2*b - 196. What is the units digit of b?
9
What is the tens digit of ((-1255)/150 + (-2)/15)*-32?
7
Let z(k) = 0*k**2 + 5 + 1 - 6*k - k**2. What is the units digit of z(-5)?
1
Let d = 5 - -4. What is the units digit of (d/15)/((-1)/(-10))?
6
Let d = 1 - -1. What is the tens digit of 48*(d - (-3)/(-2))?
2
Let f(x) = x + 3. Suppose -2 = 2*q - 8. Let u be (-4)/6 - (-14)/q. What is the units digit of f(u)?
7
Let z(x) = -x - 3. Let v be z(-5). Suppose -t + v = -0*t. What is the units digit of t?
2
Let b = -23 + -10. Let k = b + 55. What is the tens digit of k?
2
Let f be (1 + -4)*(0 - 1). Suppose s = -f*t + 12, 5*s - 4*s = 5*t + 20. What is the tens digit of s?
1
Let y = 79 - 28. What is the units digit of y?
1
Suppose 2*a - 3*a + 16 = -4*z, 0 = 4*z - 5*a + 32. Let n be 2/z - (-5)/3. What is the units digit of n - ((-6)/3)/1?
3
Let i(l) be the second derivative of 3/2*l**2 + 2/3*l**3 + 0 + 4*l. What is the tens digit of i(4)?
1
Suppose -2*k + 4*v + 176 = 0, 4*v + 142 = 4*k - 198. What is the units digit of k?
2
Let c = -45 - -91. What is the tens digit of c?
4
Let h be (9/(-15))/((-1)/5). Suppose 0 = -4*s + 8, -12 = -0*g - 3*g + h*s. Suppose 5*k = -2*j + 74, j + g = 4*j. What is the units digit of k?
4
Suppose 0 = 4*l - 738 - 54. What is the hundreds digit of l?
1
Let b be 2/(-4) + (-39)/(-6). Suppose -20 = -b*o + o. Suppose -5*x - 